se
Let p = 1 - -2. Let d = p - 3. Suppose 5*r + d*r = 115. Is r prime?
True
Let p = 68 + -49. Is p composite?
False
Suppose -h = 0, 22 - 92 = -5*n + h. Let k = 45 - n. Is k a composite number?
False
Let u = -1149 + 1936. Is u a prime number?
True
Let c = 530 - -147. Is c composite?
False
Let z(n) be the first derivative of n**3/3 - n**2/2 + 19*n + 3. Is z(0) composite?
False
Let w be 36/(-8)*22/3. Let g = -3 - w. Suppose -3*r + g = -129. Is r a composite number?
False
Suppose 0 = 13*p - 10*p - 153. Is p a composite number?
True
Let r(y) = 5*y - 1 + 1 - 6*y. Let p be r(2). Is p/6*(-1965)/5 prime?
True
Let k(p) = 15*p - 3. Is k(6) a prime number?
False
Suppose 2*z - 3245 = -5*y, -3*y = -2*y - 4*z - 649. Is y composite?
True
Let x be (10/6)/((-3)/18). Let b(n) be the first derivative of -5*n**2/2 + n - 2. Is b(x) prime?
False
Let z(f) = 18*f**2 + f + 4. Is z(-2) composite?
True
Let o be (10/(-4))/((-1)/2). Suppose -5*i - 789 = -0*l - 4*l, o*i - 739 = -4*l. Is l a prime number?
True
Let v be (-2)/(-7) - (-6)/(-21). Let k(p) = p**3 + 4*p**2. Let n be k(-4). Suppose n*x + x + m - 1 = v, 0 = -x - 5*m - 19. Is x prime?
False
Let j(o) = -42*o - 17. Is j(-11) a prime number?
False
Let u(a) = 630*a. Let i be u(1). Let k = -301 + i. Is k a prime number?
False
Let c = 3 - 0. Let m = -183 + 287. Suppose -c*r = 5*v - m - 66, r - 53 = 2*v. Is r composite?
True
Let f(l) = l**3 + 21*l**2 + 21*l + 8. Is f(-9) composite?
True
Let n = 36 + 251. Is n composite?
True
Suppose 857 = 6*s - 21133. Is s composite?
True
Suppose -4*d = 0, 2*c - 235 = 5*d + 55. Is c a composite number?
True
Suppose 2*l + 1564 = 10780. Suppose -3*c - 2*j - 1315 = -l, -2*c = -3*j - 2191. Is c a prime number?
True
Let y be 95 + -2 + 0 + 2. Suppose 0*x - y = -x. Suppose -3*s = 3*t - 57, -s + x = 5*t - 6*s. Is t prime?
True
Let w(h) = h**2 + 1. Let g be w(0). Is 79/g - (2 - 0) composite?
True
Suppose -2173 - 116 = -3*h. Let b be h/3 + 2/(-6). Suppose -3*p + 774 = 3*i, 3*p + 5*i = 2*p + b. Is p composite?
True
Let k = 3 + -4. Let w = k + 2. Suppose -w - 9 = -5*m. Is m prime?
True
Let i = -6 + 2. Let p = i - 3. Is 2/p + 79/7 a composite number?
False
Let r = 28 - 19. Suppose r = -4*y - 3, y - 74 = -z. Is z a composite number?
True
Suppose 0*q - 4*q = 4. Let w(a) = 8*a**2 + a. Is w(q) prime?
True
Let f be 346*(-2 + 6/4). Let t = -105 - f. Is (t/(-6))/((-1)/3) a composite number?
True
Suppose 0*x + 12 = -3*x. Let b(u) = 7*u**2 - 3*u + 3. Is b(x) a composite number?
False
Let o(p) = p**3 - 6*p**2 + 4*p + 7. Let m be o(5). Suppose 5*r = 4*v - 256, -248 = -4*v - m*r + 5*r. Is v a prime number?
True
Is ((-8)/20)/(100895/25225 - 4) a composite number?
True
Suppose -3*w + 310 = -59. Suppose -q = s + 3*s - 54, -5*s + w = 2*q. Is q a composite number?
True
Is ((-2)/6)/((-2)/66*1) prime?
True
Suppose 4*z - 2*z - 16 = 0. Suppose z = 6*c - 2*c. Is c composite?
False
Suppose -375 = f + 612. Is (-3 - 1) + f/(-1) a composite number?
False
Suppose 0 - 5 = 5*t. Let j = 3 - t. Suppose -3*a + 7*a + 128 = j*v, 143 = 4*v - a. Is v composite?
False
Let q(j) = -j**3 - j**2. Let o(w) = 7*w**3 - 3*w**2 + 11*w + 7. Let n(h) = o(h) + 6*q(h). Is n(9) a prime number?
False
Suppose -1 = 4*b - 3*b, -4*f = 3*b - 21. Let i(k) = 23*k - 11. Is i(f) prime?
True
Let v = -226 - -332. Is v prime?
False
Let w(j) = 25*j + 11. Let q(g) = -6*g - 3. Let h(m) = -9*q(m) - 2*w(m). Is h(12) a composite number?
False
Let n(u) = 2*u**2 - 9*u + 1. Let a(f) = f**2 - 6*f - 1. Let y be a(7). Is n(y) a composite number?
False
Is (-3)/(-2)*(2 - -420) composite?
True
Let i be (-1 - 87/(-6))*-2. Let x = 58 + i. Is x prime?
True
Let o(c) = -c + 12. Let a be o(7). Suppose -4*p = 2*m - 24, -2*p + m + 11 = -a. Is p prime?
True
Suppose -13 = -5*c - 3*s, -1 = -5*s + 4. Suppose -2 = -h + c. Suppose g = -h*g + 50. Is g composite?
True
Let w(b) = -2*b**3 + 5*b - 4. Is w(-5) composite?
True
Is ((-1)/2)/(4/(-1616)) prime?
False
Let t(c) = 141*c + 1. Let s be t(8). Suppose 3*l - 704 = s. Is l a prime number?
False
Suppose 0 = -16*g + 3409 - 1313. Is g a composite number?
False
Let h(k) = 31*k**3 - 2*k**2 + 9*k - 3. Is h(4) a composite number?
True
Let v(t) = -3*t + 5. Let s be v(4). Let j(b) = -5*b - 211 + 211. Is j(s) a prime number?
False
Let p be 0 - -44 - 0/2. Suppose -2*l = 2*g - 460, -1111 + 164 = -4*l + 5*g. Is l/11 + (-8)/p prime?
False
Let g = 8 - 5. Let j = g - -10. Is j composite?
False
Suppose 4*w = -3*r + 815, -3*w = -0*r + 2*r - 611. Is w a composite number?
True
Suppose 3*y + 558 = -0*y. Let c = -53 - y. Is c composite?
True
Let w = -101 + 314. Is w a prime number?
False
Suppose -4*f - 2*r + 9 = -5, 4*f - 26 = 2*r. Suppose f*y = n - 5*n + 17, -2*n = 4*y - 10. Suppose 4*c + 32 = 4*o, 0 = 2*o - n*c - 17 + 6. Is o a prime number?
True
Suppose l - u = 3*l - 610, -2*l = -2*u - 598. Is l a prime number?
False
Suppose -6*f + 2011 = 4*h - f, -5*h = -5*f - 2525. Let w = h - 257. Is w prime?
False
Suppose 5*f - 9*f + 196 = 0. Suppose -4*g + f = -4*x + 885, g - 846 = -4*x. Let j = x - 144. Is j prime?
True
Let f be 6/10 - 42/(-5). Let v be (-2)/(-9) - 74/f. Let k = v - -22. Is k a prime number?
False
Let u = -7 - -8. Suppose 4*i = -g - 4*g + 101, i + u = 4*g. Is i composite?
False
Suppose 2*j = 5*s - 2535, 2*s - 3*j + 6*j - 995 = 0. Is s prime?
False
Let b(i) = -4*i**2 + 3*i + 11. Let p(h) = 3*h**2 - 3*h - 11. Let z(f) = 2*b(f) + 3*p(f). Is z(9) prime?
True
Suppose 0*x - x + 2*n + 1427 = 0, 6 = -2*n. Suppose 0 = u - 2*d - 595, -5*u - d = x - 4352. Is u prime?
True
Suppose -4*f + 65 = 5*b, 3*b + 27 = 3*f - f. Is f a prime number?
False
Let u = 31 + 226. Is u a composite number?
False
Suppose -3*c = 2*c + 5. Let z be (0 - (0 + c))*1. Is -2 - (z - (-2 + 58)) composite?
False
Suppose 3*u - 100 = 4*m, -3*u - 27 = -5*m - 149. Is (-4)/(-2) - (m + 3) composite?
True
Let c be ((-5)/15)/(1/(-3)). Let j be ((-1)/1 - c) + -7. Let m = j - -24. Is m prime?
False
Suppose -3*q = -q - 2274. Let w = q + -574. Is w composite?
False
Is (106/4)/(2/20) a prime number?
False
Let r(p) = 9*p**2 + 8*p. Let q be r(-12). Suppose a + 5*h = 274, -2*h + q - 158 = 4*a. Is a prime?
False
Let x = 1 - 1. Let y be 876/5 - 17/85. Suppose -5*u + y = -x*u. Is u composite?
True
Suppose -5 + 0 = 5*v. Let s = v + 1. Suppose s = k - 2*k + 67. Is k composite?
False
Suppose -2*u + 1383 = 5*z, u - 94 = -3*z + 600. Is u a prime number?
False
Let y(q) = 18*q**2 + 12*q + 1. Is y(-3) a composite number?
False
Let k(z) = 162*z - 85. Is k(17) a prime number?
False
Let z(s) = 4*s**2 - s. Let r be z(-1). Let y(h) = h**3 - 4*h**2 - 5*h + 6. Is y(r) composite?
True
Let z(b) = -2*b**3 - 5*b**2 - 7*b + 9. Is z(-7) composite?
False
Suppose 16 - 1 = 5*q. Let z(l) = 3*l**2 - 2*l + 2. Is z(q) a prime number?
True
Is (-12)/20 - (-1554)/15 a prime number?
True
Suppose -2*s - 2*s = 3*m - 1109, 3*s + 1858 = 5*m. Suppose 5*c = x + m, c = -4*x - 277 - 1207. Let z = -238 - x. Is z a composite number?
True
Let y be (-13)/((2/28)/(-1)). Let q = -67 + y. Suppose 2*j = -5 + q. Is j prime?
False
Suppose -w + 493 = -5*r + 1167, 0 = r + 4*w - 118. Is r a prime number?
False
Suppose m = 2*a + 1, -2*m - 3*a = -0*a - 23. Suppose 4*w + m = -x + w, -w + 5 = 4*x. Suppose -j - x*j + 111 = 0. Is j a prime number?
True
Let c(i) = -i**2 + 7*i - 6. Let y be c(6). Suppose y = -3*d - o + 104, 174 = 5*d + 5*o - 4*o. Suppose -2*g + d = -3*x, 0*g - 3*x + 140 = 5*g. Is g prime?
False
Suppose 4*j + 2831 = 5*d - 3252, -3*d + 2*j = -3651. Suppose 3*m = 5*c - d, 10*m = 5*m - 3*c - 2043. Let t = m - -619. Is t a composite number?
False
Let f(s) be the first derivative of s**5/20 - s**3/3 - 2. Let a(g) be the third derivative of f(g). Is a(1) composite?
True
Let u = 1905 + 136. Is u prime?
False
Suppose -2*k - 1 = -5. Suppose -z = k*z - 663. Is z composite?
True
Let j = -261 - -464. Is j a prime number?
False
Let b be (-5)/((-15)/6)*1. Let v be (-4)/2 - b*3. Is ((-42)/v - 2)*8 a composite number?
True
Suppose -3*z - 5*z = -344. Is z prime?
True
Suppose 3*c - 45 = 36. Suppose -2*v - 5*t + c = -0*v, 0 = 3*v - 2*t + 7. Let f(y) = 8*y**2 - 2*y + 1. Is f(v) a composite number?
False
Let b(p) be the second derivative of -p**5/20 + 2*p**4/3 + 7*p**2/2 + 6*p. Let z be 5*6*2/10. Is b(z) a composite number?
False
Suppose -6*j = -j - 10. Suppose -j*f = 4 - 78. Is f 